{"id":536,"date":"2013-02-21T21:54:22","date_gmt":"2013-02-21T19:54:22","guid":{"rendered":"http:\/\/www.badec-tjlokomotiva.cz\/?page_id=536"},"modified":"2013-02-21T21:54:22","modified_gmt":"2013-02-21T19:54:22","slug":"sk-podoli-c-vs-bc-lokomotiva","status":"publish","type":"page","link":"https:\/\/badmintonkunovice.cz\/?page_id=536","title":{"rendered":"SK Podol\u00ed &#8222;C&#8220; vs.BC Lokomotiva"},"content":{"rendered":"<p><a href=\"http:\/\/www.badec-tjlokomotiva.cz\/?attachment_id=537\" rel=\"attachment wp-att-537\"><img loading=\"lazy\" class=\"aligncenter size-full wp-image-537\" alt=\"podoli vs loko 13\" src=\"http:\/\/www.badec-tjlokomotiva.cz\/wp-content\/uploads\/2013\/02\/podoli-vs-loko-13.jpg\" width=\"911\" height=\"400\" srcset=\"https:\/\/badmintonkunovice.cz\/wp-content\/uploads\/2013\/02\/podoli-vs-loko-13.jpg 911w, https:\/\/badmintonkunovice.cz\/wp-content\/uploads\/2013\/02\/podoli-vs-loko-13-300x132.jpg 300w, https:\/\/badmintonkunovice.cz\/wp-content\/uploads\/2013\/02\/podoli-vs-loko-13-768x337.jpg 768w\" sizes=\"(max-width: 911px) 100vw, 911px\" \/><\/a>\u00a0Prvn\u00ed \u010dtvrtfin\u00e1lov\u00fd z\u00e1pas jsme odehr\u00e1li venku v Podol\u00ed. V\u00edc jako soupe\u0159e jsme se ob\u00e1vali m\u00edstn\u00ed haly. A obavy se potvrdily , nulov\u00e1 viditelnost a nep\u0159ehlednost moc nep\u0159idala k na\u0161emu nad\u0161en\u00ed.<\/p>\n<p><span style=\"color: #ff6600;\">Debl mu\u017e\u016f 2:<\/span><\/p>\n<p>Jirka op\u011bt s Tomem se hned od za\u010d\u00e1tku obuli do soupe\u0159e a ne\u017e se kluci za\u010d\u00ednali zah\u0159\u00edvat tak byl konec a jednozna\u010dn\u011b vyhr\u00e1li 21:12, 21:12.<\/p>\n<p><span style=\"color: #ff0000;\">Stav: 0:1<\/span><\/p>\n<p><span style=\"color: #ff6600;\">Debl mu\u017e\u016f 1:<\/span><\/p>\n<p>Zdenek s Mirkem nastoupili do z\u00e1pasu, a bohu\u017eel Zdenek ani proti Podol\u00ed nepodal sv\u016fj standart. Sm\u016fla z \u0158e\u010dkovic mu z\u016fstala na raket\u011b, ale na v\u00edt\u011bzstv\u00ed to sta\u010dilo , sice t\u011bsn\u00e9, ale bylo. 21:19 a 21:18.<\/p>\n<p><span style=\"color: #ff0000;\">Stav: 0:2<\/span><\/p>\n<p><span style=\"color: #ff6600;\">Singl 1:<\/span><\/p>\n<p>Mirek dostal op\u011bt skv\u011bl\u00e9ho soupe\u0159e , a m\u011bl se co oh\u00e1n\u011bt. V prvn\u00edm setu sice Mirek vyhr\u00e1l 21:15, ale v \u00a0druh\u00e9m setu kontroval soupe\u0159 a 13:21 vyrovnalo hru. Ov\u0161em Mirek si t\u0159et\u00ed set hned od za\u010d\u00e1tku pohl\u00eddal a s pohodln\u00fdm n\u00e1skokem vyhr\u00e1l i t\u0159et\u00ed set 21:12.<\/p>\n<p><span style=\"color: #ff0000;\">Stav: 0:3<\/span><\/p>\n<p><span style=\"color: #ff6600;\">Sing mu\u017ei 2:<\/span><\/p>\n<p>Jirka dostal t\u00e9\u017e hodn\u011b kvalitn\u00edho soupe\u0159e , kter\u00fd sv\u00e9 kvality uk\u00e1zal hned v prvn\u00edm setu , kter\u00fd vyhr\u00e1l 21:17. Jirka , ale nikdy zbran\u011b neskl\u00e1d\u00e1 a zavelil k obratu, druh\u00fd set v\u00fdrazn\u011b p\u0159ehr\u00e1l soupe\u0159e , a s v\u00fdsledkem 21:9 \u0161el do t\u0159et\u00edho setu.Ten si Jirka u\u017e zku\u0161en\u011b pohl\u00eddal a vyhr\u00e1l 21:16.<\/p>\n<p><span style=\"color: #ff0000;\">Stav: 0:4<\/span><\/p>\n<p><span style=\"color: #ff6600;\">Sing mu\u017e\u016f 3:<\/span><\/p>\n<p>Tom\u00e1\u0161 si \u0161el hned od za\u010d\u00e1tku pro v\u00edt\u011bzstv\u00ed a soupe\u0159i nedovolil si ani po\u0159\u00e1dn\u011b zahr\u00e1t. Stavy 21:10 a 21:11 , jsme \u0161li u\u017e do slu\u0161n\u00e9ho veden\u00ed 5:0<\/p>\n<p><span style=\"color: #ff0000;\">Stav: 0:5<\/span><\/p>\n<p><span style=\"color: #ff6600;\">Singl \u017een :<\/span><\/p>\n<p>Mon\u010da se utkala s kapit\u00e1nkou Jitkou a boj to byl tuh\u00fd. Jitka zastoupila Ir\u010du , kter\u00e1 ode\u0161la do vy\u0161\u0161\u00ed sout\u011b\u017ee, ale i tak to m\u011bla Mon\u010da h\u00f3oooodn\u011b t\u011b\u017ek\u00e9. Ale Mo\u0148a se nezalekla zku\u0161en\u00e9 kapit\u00e1nky, a vyhr\u00e1la ve dvou setech 21:14 a 21:19.<\/p>\n<p><span style=\"color: #ff0000;\">Stav 0:6<\/span><\/p>\n<p><span style=\"color: #ff6600;\">Debl \u017een :<\/span> V debl\u00edku n\u00e1m vypomohla Ad\u00e9l z na\u0161eho B\u010dka , a odbyla si tak premi\u00e9ru ve vy\u0161\u0161\u00ed sout\u011b\u017ei.Holk\u00e1m se da\u0159ilo a prvn\u00ed set vyhr\u00e1li 21:13. I v druh\u00e9m setu to pro na\u0161e holky vypadalo dob\u0159e , ale v t\u011bsn\u00e9 koncovce prohr\u00e1li 19:21.Prohra v druh\u00e9m setu na\u0161e holky nakopla a ve t\u0159et\u00edm setu nedali soupe\u0159k\u00e1m \u0161anci 21:8. Gratulace Ad\u00e9l, kter\u00e1 si p\u0159ipsala prvn\u00ed v\u00fdhru ve vy\u0161\u0161\u00ed sout\u011b\u017ei.<\/p>\n<p><span style=\"color: #ff0000;\">Stav: 0:7<\/span><\/p>\n<p><span style=\"color: #ff6600;\">Mix:<\/span><\/p>\n<p>Jeliko\u017e Jan\u010da byla \u010derstv\u011b po operaci lokte, tak Zdenek ji vym\u011bnil pr\u00e1v\u011b za nov\u00e1\u010dka Adel, kter\u00e1 ve sv\u00e9 skv\u011bl\u00e9 h\u0159e z deblu pokra\u010dovala. Je\u0161t\u011b p\u0159ed prvn\u00edm pod\u00e1n\u00edm Zdenek zaslechl v d\u00e1lce zp\u00edvat kan\u00e1rka. A zanedlouho se to potvrdilo , a stavem 21:14 a 21:12 dokonal kapit\u00e1n Lokomotivy v\u00fdhru na 8:0 a zaslou\u017een\u011b zazp\u00edval v Podol\u00ed kan\u00e1rek.<\/p>\n<p><span style=\"color: #ff0000;\" data-mce-mark=\"1\">Stav: 0:8<\/span><\/p>\n","protected":false},"excerpt":{"rendered":"<p>\u00a0Prvn\u00ed \u010dtvrtfin\u00e1lov\u00fd z\u00e1pas jsme odehr\u00e1li venku v Podol\u00ed. V\u00edc jako soupe\u0159e jsme se ob\u00e1vali m\u00edstn\u00ed haly. A obavy se potvrdily , nulov\u00e1 viditelnost a nep\u0159ehlednost moc nep\u0159idala k na\u0161emu nad\u0161en\u00ed. Debl mu\u017e\u016f 2: Jirka op\u011bt s Tomem se hned od &hellip; <a href=\"https:\/\/badmintonkunovice.cz\/?page_id=536\">Cel\u00fd p\u0159\u00edsp\u011bvek <span class=\"meta-nav\">&rarr;<\/span><\/a><\/p>\n","protected":false},"author":1,"featured_media":0,"parent":434,"menu_order":0,"comment_status":"open","ping_status":"open","template":"","meta":[],"_links":{"self":[{"href":"https:\/\/badmintonkunovice.cz\/index.php?rest_route=\/wp\/v2\/pages\/536"}],"collection":[{"href":"https:\/\/badmintonkunovice.cz\/index.php?rest_route=\/wp\/v2\/pages"}],"about":[{"href":"https:\/\/badmintonkunovice.cz\/index.php?rest_route=\/wp\/v2\/types\/page"}],"author":[{"embeddable":true,"href":"https:\/\/badmintonkunovice.cz\/index.php?rest_route=\/wp\/v2\/users\/1"}],"replies":[{"embeddable":true,"href":"https:\/\/badmintonkunovice.cz\/index.php?rest_route=%2Fwp%2Fv2%2Fcomments&post=536"}],"version-history":[{"count":0,"href":"https:\/\/badmintonkunovice.cz\/index.php?rest_route=\/wp\/v2\/pages\/536\/revisions"}],"up":[{"embeddable":true,"href":"https:\/\/badmintonkunovice.cz\/index.php?rest_route=\/wp\/v2\/pages\/434"}],"wp:attachment":[{"href":"https:\/\/badmintonkunovice.cz\/index.php?rest_route=%2Fwp%2Fv2%2Fmedia&parent=536"}],"curies":[{"name":"wp","href":"https:\/\/api.w.org\/{rel}","templated":true}]}}