{"id":235,"date":"2011-12-12T20:50:38","date_gmt":"2011-12-12T18:50:38","guid":{"rendered":"http:\/\/www.badec-tjlokomotiva.cz\/?page_id=235"},"modified":"2011-12-12T20:50:38","modified_gmt":"2011-12-12T18:50:38","slug":"sk-podoli-vs-bc-lokomotiva","status":"publish","type":"page","link":"https:\/\/badmintonkunovice.cz\/?page_id=235","title":{"rendered":"SK Podol\u00ed &#8222;C&#8220; vs. BC Lokomotiva"},"content":{"rendered":"<p><a href=\"http:\/\/www.badec-tjlokomotiva.cz\/wp-content\/uploads\/2011\/12\/podoli-vs-loko1.png\"><img loading=\"lazy\" class=\"aligncenter size-full wp-image-238\" title=\"podoli vs loko\" src=\"http:\/\/www.badec-tjlokomotiva.cz\/wp-content\/uploads\/2011\/12\/podoli-vs-loko1.png\" alt=\"\" width=\"1185\" height=\"610\" srcset=\"https:\/\/badmintonkunovice.cz\/wp-content\/uploads\/2011\/12\/podoli-vs-loko1.png 1185w, https:\/\/badmintonkunovice.cz\/wp-content\/uploads\/2011\/12\/podoli-vs-loko1-300x154.png 300w, https:\/\/badmintonkunovice.cz\/wp-content\/uploads\/2011\/12\/podoli-vs-loko1-1024x527.png 1024w, https:\/\/badmintonkunovice.cz\/wp-content\/uploads\/2011\/12\/podoli-vs-loko1-768x395.png 768w\" sizes=\"(max-width: 1185px) 100vw, 1185px\" \/><\/a>T\u011bsn\u011b p\u0159ed Mikul\u00e1\u0161em, se vydala Lokomotiva na n\u00e1v\u0161t\u011bvu do Podol\u00ed, k ji\u017e o\u010dek\u00e1van\u00e9mu t\u011b\u017ek\u00e9mu z\u00e1pasu, ve kter\u00e9m se \u010d\u00e1ste\u010dn\u011b uk\u00e1\u017ee , komu se p\u0159iotev\u0159ou dve\u0159e do Play off. Po prvn\u00edch z\u00e1pasech se uk\u00e1zala s\u00edla Podol\u00ed a dostali se do veden\u00ed, ale proti byla na\u0161e singlov\u00e1 dvojka, Jirka, kter\u00fd ve t\u0159et\u00edm setu, za stavu 18:14, \u00a0kr\u00e1sn\u00fdm v\u00fdkonem oto\u010dil na 19:21 a t\u00edm vyk\u0159esal nad\u011bji pro Lokomotivu na mo\u017enou v\u00fdhru. Holky , Ir\u010da a Jitula av\u0161ak byli proti a jak singl tak i debl vyhr\u00e1li a p\u0159ed posledn\u00edm z\u00e1pasem byl stav 4:3 pro Lokomotivu. Posledn\u00ed slovo tak padlo na kapit\u00e1ny obou dru\u017estev v mixu, v\u00edce \u0161t\u011bst\u00ed nakonec m\u011bla Lokomotiva a tak v t\u011b\u017ek\u00e9m z\u00e1pase vybojovala cennou v\u00fdhru 5:3.<\/p>\n<p>&nbsp;<\/p>\n<p>&nbsp;<\/p>\n<p>&nbsp;<\/p>\n<p>&nbsp;<\/p>\n","protected":false},"excerpt":{"rendered":"<p>T\u011bsn\u011b p\u0159ed Mikul\u00e1\u0161em, se vydala Lokomotiva na n\u00e1v\u0161t\u011bvu do Podol\u00ed, k ji\u017e o\u010dek\u00e1van\u00e9mu t\u011b\u017ek\u00e9mu z\u00e1pasu, ve kter\u00e9m se \u010d\u00e1ste\u010dn\u011b uk\u00e1\u017ee , komu se p\u0159iotev\u0159ou dve\u0159e do Play off. Po prvn\u00edch z\u00e1pasech se uk\u00e1zala s\u00edla Podol\u00ed a dostali se do veden\u00ed, &hellip; <a href=\"https:\/\/badmintonkunovice.cz\/?page_id=235\">Cel\u00fd p\u0159\u00edsp\u011bvek <span class=\"meta-nav\">&rarr;<\/span><\/a><\/p>\n","protected":false},"author":1,"featured_media":0,"parent":107,"menu_order":4,"comment_status":"open","ping_status":"open","template":"","meta":[],"_links":{"self":[{"href":"https:\/\/badmintonkunovice.cz\/index.php?rest_route=\/wp\/v2\/pages\/235"}],"collection":[{"href":"https:\/\/badmintonkunovice.cz\/index.php?rest_route=\/wp\/v2\/pages"}],"about":[{"href":"https:\/\/badmintonkunovice.cz\/index.php?rest_route=\/wp\/v2\/types\/page"}],"author":[{"embeddable":true,"href":"https:\/\/badmintonkunovice.cz\/index.php?rest_route=\/wp\/v2\/users\/1"}],"replies":[{"embeddable":true,"href":"https:\/\/badmintonkunovice.cz\/index.php?rest_route=%2Fwp%2Fv2%2Fcomments&post=235"}],"version-history":[{"count":0,"href":"https:\/\/badmintonkunovice.cz\/index.php?rest_route=\/wp\/v2\/pages\/235\/revisions"}],"up":[{"embeddable":true,"href":"https:\/\/badmintonkunovice.cz\/index.php?rest_route=\/wp\/v2\/pages\/107"}],"wp:attachment":[{"href":"https:\/\/badmintonkunovice.cz\/index.php?rest_route=%2Fwp%2Fv2%2Fmedia&parent=235"}],"curies":[{"name":"wp","href":"https:\/\/api.w.org\/{rel}","templated":true}]}}