{"id":502,"date":"2013-01-20T20:25:51","date_gmt":"2013-01-20T18:25:51","guid":{"rendered":"http:\/\/www.badec-tjlokomotiva.cz\/?page_id=502"},"modified":"2013-01-20T20:25:51","modified_gmt":"2013-01-20T18:25:51","slug":"bc-premiera-b-vs-bc-lokomotiva","status":"publish","type":"page","link":"http:\/\/badmintonkunovice.cz\/?page_id=502","title":{"rendered":"BC Premiera &#8222;B&#8220; vs BC Lokomotiva"},"content":{"rendered":"<p><a href=\"http:\/\/www.badec-tjlokomotiva.cz\/wp-content\/uploads\/2013\/01\/premiera-vs-loko.jpg\"><img loading=\"lazy\" class=\"aligncenter size-full wp-image-503\" title=\"premiera vs loko\" src=\"http:\/\/www.badec-tjlokomotiva.cz\/wp-content\/uploads\/2013\/01\/premiera-vs-loko.jpg\" alt=\"\" width=\"954\" height=\"349\" srcset=\"http:\/\/badmintonkunovice.cz\/wp-content\/uploads\/2013\/01\/premiera-vs-loko.jpg 954w, http:\/\/badmintonkunovice.cz\/wp-content\/uploads\/2013\/01\/premiera-vs-loko-300x110.jpg 300w, http:\/\/badmintonkunovice.cz\/wp-content\/uploads\/2013\/01\/premiera-vs-loko-768x281.jpg 768w\" sizes=\"(max-width: 954px) 100vw, 954px\" \/><\/a><\/p>\n<p>Ne s moc velk\u00fdm nad\u0161en\u00edm jsme se vydali ve st\u0159edu ve\u010der na v\u00fdlet do Brna , na odvetn\u00fd z\u00e1pas s BC Premiera &#8222;B&#8220;. Hned na za\u010d\u00e1tku n\u00e1s uv\u00edtali saunou v hale , kde topili jak o \u017eivot, jde vid\u011bt kde jsou pen\u00edze :). Ale vhodn\u011b otev\u0159en\u00e1 okna z haly op\u011bt ud\u011blaly jak\u0161 tak\u0161 hrateln\u00e9 bitevn\u00ed pole.<\/p>\n<p><span style=\"color: #ff6600;\">Debl mu\u017e\u016f 2:<\/span><\/p>\n<p>Jirka s Tomem to v\u016fbec nem\u011bli jednoduch\u00e9 , a celou dobu se hr\u00e1la vyrovnan\u00e1 hra , v prvn\u00edm setu na\u0161i borci vyhr\u00e1li 21:19, ale pak u\u017e iniciativu p\u0159evzali dom\u00e1c\u00ed. Sety 21:18 a 21:17 si prvn\u00ed bod\u00edk p\u0159ipsali dom\u00e1c\u00ed.<\/p>\n<p><span style=\"color: #ff0000;\">Stav: 1:0<\/span><\/p>\n<p><span style=\"color: #ff6600;\">Debl mu\u017e\u016f 1:<\/span><\/p>\n<p>Zdenek a Mirek nastoupili s bilanc\u00ed vz\u00e1jemn\u00fdch z\u00e1pas\u016f 3:0 v jejich prosp\u011bch proti dom\u00e1c\u00ed dvojici. Prvn\u00ed set v\u0161ak na\u0161i prohr\u00e1li 18:21 , ot\u0159eli si ruce , otev\u0159eli okna a zah\u00e1jili obr\u00e1tku. Setem 21:15 sme si otev\u0159eli cestu do t\u0159et\u00edho rozhoduj\u00edc\u00edho setu. V tom kluci uk\u00e1zali , \u017ee ani ve \u010dtvrt\u00e9m vz\u00e1jemn\u00e9m souboji nevyjdou v\u00edt\u011bzn\u011b borci z Premiery, a nepomohlo jim ani dom\u00e1c\u00ed prost\u0159ed\u00ed , ani rady Kamily , kter\u00e1 marn\u011b hnala sv\u00e9 spoluhr\u00e1\u010de dop\u0159edu. Komplex ze \u010dty\u0159her pokra\u010duje a tak jsme srovnali na 1:1 v\u00edt\u011bzstv\u00edm 21:19. T\u00edm si tak\u00e9 Mirek a Zdena prodlou\u017eili neporazitelnost , kdy za celou dobu co hraj\u00ed za Lokomotivu nepoznali por\u00e1\u017eku.<\/p>\n<p><span style=\"color: #ff0000;\">Stav: 1:1<\/span><\/p>\n<p><span style=\"color: #ff6600;\">Singl mu\u017e\u016f 1:<\/span><\/p>\n<p>Mirek nastoupil proti Mat\u011bjovi YESMANovi s jasn\u00fdm c\u00edlem , poprv\u00e9 jej porazit v singlu , kde dr\u017eel proti n\u00e1m t\u0159\u00edz\u00e1pasovou neporazitelnost. Hned prvn\u00edm setem dok\u00e1zal Mat\u011bj sv\u00e9 ob\u00e1van\u00e9 kvality a zv\u00edt\u011bzil 21:17. Mirek ale v druh\u00e9m setu o\u017eil, zp\u0159esnil hru , p\u0159estal kazit a r\u00e1zem oto\u010dil utk\u00e1n\u00ed ve sv\u016fj prosp\u011bch ve druh\u00e9m setu a stejn\u00fdm pom\u011brem 21:17 vyhr\u00e1l. V t\u0159et\u00edm setu Mirek nav\u00e1zal na set p\u0159edchoz\u00ed a zlomil Mat\u011bjovu v\u00edt\u011bznou \u0161\u0148\u016fru. V\u00fdhrou 21:18 jsme se ujali veden\u00ed.<\/p>\n<p><span style=\"color: #ff0000;\">Stav: 1:2<\/span><\/p>\n<p><span style=\"color: #ff6600;\">Debl \u017een:<\/span><\/p>\n<p>Jan\u010da s Mon\u010dou nem\u011bly moc \u0161anc\u00ed a holky z Premiery \u00a0jasn\u011b uk\u00e1zaly, \u00a0kdo je doma p\u00e1nem. Sety 21:5 a 21:12 se dom\u00e1c\u00ed ani nezpotily a k pov\u011bstn\u00e9mu vysl\u00e9k\u00e1n\u00ed tepl\u00e1k\u016f nedo\u0161lo&#8230;<\/p>\n<p><span style=\"color: #ff0000;\">Stav: 2:2<\/span><\/p>\n<p><span style=\"color: #ff6600;\">Sing mu\u017e\u016f 2:<\/span><\/p>\n<p>Jirka v hodn\u011b t\u011b\u017ek\u00e9m z\u00e1pase se tr\u00e1pil v koncovce a ani praskl\u00fd v\u00fdplet soupe\u0159ovi rakety a n\u00e1sledn\u00e1 zm\u011bna rakety , nezastavila Pavla v jeho v\u00edt\u011bzn\u00e9 vln\u011b a vyhr\u00e1l t\u011bsn\u011b 22:20 a 21:18.<\/p>\n<p><span style=\"color: #ff0000;\">Stav: 3:2<\/span><\/p>\n<p><span style=\"color: #ff6600;\">Singl mu\u017e\u016f 3:\u00a0<\/span><\/p>\n<p>Nad\u011bje se ub\u00edraly k Tomovi, kter\u00fd za\u010dal prvn\u00ed set v\u00fdborn\u011b a vyhr\u00e1l p\u0159esv\u011bd\u010div\u011b 21:13, a u\u017e se zd\u00e1lo , \u017ee m\u00e1me vyhr\u00e1no. Jen\u017ee soupe\u0159 mu cht\u011bl por\u00e1\u017eku z Kunovic vr\u00e1tit a za\u010dalo se mu to da\u0159it. Druh\u00fd set oto\u010dil a vyhr\u00e1l 21:11. Tom\u00e1\u0161 ani v t\u0159et\u00edm setu nenav\u00e1zal na sv\u00e9 \u00fasp\u011bchy v t\u0159et\u00edm setu podlehl lehce 21:11 , a bylo zle&#8230;.<\/p>\n<p><span style=\"color: #ff0000;\">Stav 4:2<\/span><\/p>\n<p><span style=\"color: #ff6600;\">Singl \u017een:<\/span><\/p>\n<p>Mon\u010da m\u011bla nelehk\u00fd \u00fakol, porazit soupe\u0159ku a vyk\u0159esat nad\u011bji na v\u00fdhru Lokomotivy. V prvn\u00edm setu se ji da\u0159ilo a vyhr\u00e1la 21:18. Hor\u0161\u00ed to bylo v setu druh\u00e9m , kdy se za\u010dala dom\u00e1c\u00ed Veronika dohadovat o body &#8230; tak jako ve v\u0161ech utk\u00e1n\u00edch , kdy jsme s n\u00ed m\u011bli tu \u010dest, tak to samoz\u0159ejm\u011b Mon\u010du rozhodilo a smoln\u011b prohr\u00e1la 18:21. ( Honza &#8211; vedouc\u00ed Premiery by m\u011bl svou sv\u011b\u0159enkyni kone\u010dn\u011b za ty dva roky nau\u010dit po\u010d\u00edtat , nebo po\u0161et\u0159it na topen\u00ed a koupit za 800 k\u010d po\u010d\u00edtadlo ). Ve t\u0159et\u00edm setu se \u0161t\u011bst\u00ed\u010dko p\u0159iklonilo na na\u0161i stranu a Mon\u010da zaslou\u017een\u011b vyhr\u00e1la 21:17.<\/p>\n<p><span style=\"color: #ff0000;\">Stav: 4:3<\/span><\/p>\n<p><span style=\"color: #ff6600;\">Mix:<\/span><\/p>\n<p>V mixu skon\u010dila \u0161\u0148\u016fra neporazitelnosti Jan\u010di a Zdenka. Proti nim vstanuly posily z druh\u00e9 ligy a z\u00e1pas p\u0159ipom\u00ednal souboj Davida s Goli\u00e1\u0161em. I p\u0159es ve\u0161kerou snahu Lokomotivj\u00e1k\u016f se p\u0159ekvapen\u00ed nekonalo, a jasn\u011b prohr\u00e1li rozd\u00edlem t\u0159\u00eddy 14:21 a 12:21.<\/p>\n<p><span style=\"color: #ff0000;\">Stav: 5:3<\/span><\/p>\n<p>A tak jsme odj\u00ed\u017ed\u011bli s rozporupln\u00fdma pocitama, na jednu stranu jsme byly zklaman\u00ed z prohry , a na druhou stranu n\u00e1s t\u011b\u0161ilo , \u017ee se n\u00e1s Premiera tak b\u00e1la a m\u011bla respekt , \u017ee musela s\u00e1hnout k posil\u00e1m co jsou v\u00fdkonnostn\u011b n\u011bkde jinde, jen aby je zachr\u00e1nila a neusadila je vprost\u0159ed tabulky. Ale ani to nezastav\u00ed Lokomotivu a pevn\u011b v\u011b\u0159\u00edme , \u017ee pokud je potk\u00e1me je\u0161t\u011b jednou , tak jim v\u0161e vr\u00e1t\u00edme, a m\u016f\u017eou m\u00edt posil kolik jen budou cht\u00edt! A p\u0159\u00ed\u0161t\u011b hlavn\u011b s sebou po\u010d\u00edtadla, pro \u0161patn\u011b po\u010d\u00edtaj\u00edc\u00ed lidi&#8230;.<\/p>\n","protected":false},"excerpt":{"rendered":"<p>Ne s moc velk\u00fdm nad\u0161en\u00edm jsme se vydali ve st\u0159edu ve\u010der na v\u00fdlet do Brna , na odvetn\u00fd z\u00e1pas s BC Premiera &#8222;B&#8220;. Hned na za\u010d\u00e1tku n\u00e1s uv\u00edtali saunou v hale , kde topili jak o \u017eivot, jde vid\u011bt kde &hellip; <a href=\"http:\/\/badmintonkunovice.cz\/?page_id=502\">Cel\u00fd p\u0159\u00edsp\u011bvek <span class=\"meta-nav\">&rarr;<\/span><\/a><\/p>\n","protected":false},"author":1,"featured_media":0,"parent":434,"menu_order":6,"comment_status":"open","ping_status":"open","template":"","meta":[],"_links":{"self":[{"href":"http:\/\/badmintonkunovice.cz\/index.php?rest_route=\/wp\/v2\/pages\/502"}],"collection":[{"href":"http:\/\/badmintonkunovice.cz\/index.php?rest_route=\/wp\/v2\/pages"}],"about":[{"href":"http:\/\/badmintonkunovice.cz\/index.php?rest_route=\/wp\/v2\/types\/page"}],"author":[{"embeddable":true,"href":"http:\/\/badmintonkunovice.cz\/index.php?rest_route=\/wp\/v2\/users\/1"}],"replies":[{"embeddable":true,"href":"http:\/\/badmintonkunovice.cz\/index.php?rest_route=%2Fwp%2Fv2%2Fcomments&post=502"}],"version-history":[{"count":0,"href":"http:\/\/badmintonkunovice.cz\/index.php?rest_route=\/wp\/v2\/pages\/502\/revisions"}],"up":[{"embeddable":true,"href":"http:\/\/badmintonkunovice.cz\/index.php?rest_route=\/wp\/v2\/pages\/434"}],"wp:attachment":[{"href":"http:\/\/badmintonkunovice.cz\/index.php?rest_route=%2Fwp%2Fv2%2Fmedia&parent=502"}],"curies":[{"name":"wp","href":"https:\/\/api.w.org\/{rel}","templated":true}]}}